{"id":700,"date":"2022-06-24T16:37:35","date_gmt":"2022-06-24T09:37:35","guid":{"rendered":"http:\/\/35634.lamdx.vinawebsite.vn\/?post_type=product&#038;p=700"},"modified":"2022-06-24T16:37:38","modified_gmt":"2022-06-24T09:37:38","slug":"giay-da-nang-let-green-130-to-goi","status":"publish","type":"product","link":"https:\/\/lam.vinawebsite.vn\/10200\/san-pham\/giay-da-nang-let-green-130-to-goi\/","title":{"rendered":"Gi\u1ea5y \u0111a n\u0103ng Let-green (130 t\u1edd\/g\u00f3i)"},"content":{"rendered":"<p><strong>Th\u00e0nh ph\u1ea7n:\u00a0<\/strong><br \/>\n100% b\u1ed9t gi\u1ea5y.<\/p>\n<p><strong>C\u00f4ng d\u1ee5ng:<\/strong><br \/>\nS\u1eed d\u1ee5ng lau m\u1eb7t, mi\u1ec7ng, tay khi trong nh\u00e0 \u0103n, v\u0103n ph\u00f2ng l\u00e0m vi\u1ec7c.<\/p>\n<p><strong>B\u1ea3o qu\u1ea3n:<\/strong><br \/>\nN\u01a1i kh\u00f4 r\u00e1o, tho\u00e1ng m\u00e1t, tr\u00e1nh nhi\u1ec7t \u0111\u1ed9 cao.<\/p>\n<p><strong>Xu\u1ea5t x\u1ee9 th\u01b0\u01a1ng hi\u1ec7u:<\/strong>\u00a0Vi\u1ec7t Nam<\/p>\n<p><strong>S\u1ea3n xu\u1ea5t t\u1ea1i:<\/strong>\u00a0Vi\u1ec7t Nam<\/p>\n<p><em>*Pharmacity cam k\u1ebft ch\u1ec9 b\u00e1n s\u1ea3n ph\u1ea9m c\u00f2n d\u00e0i h\u1ea1n s\u1eed d\u1ee5ng.<\/em><\/p>\n<!-- AddThis Advanced Settings generic via filter on the_content --><!-- AddThis Share Buttons generic via filter on the_content -->","protected":false},"excerpt":{"rendered":"<p>Gi\u1ea5y \u0111a n\u0103ng Let-green \u0111\u01b0\u1ee3c l\u00e0m t\u1eeb 100% b\u1ed9t gi\u1ea5y nguy\u00ean ch\u1ea5t, r\u1ea5t an to\u00e0n v\u00e0 th\u00e2n thi\u1ec7n kh\u00f4ng ch\u1ec9 v\u1edbi s\u1ee9c kh\u1ecfe con ng\u01b0\u1eddi, m\u00e0 c\u00f2n c\u1ea3 v\u1edbi m\u00f4i tr\u01b0\u1eddng s\u1ed1ng xung quanh. S\u1ea3n ph\u1ea9m c\u00f3 th\u1ec3 s\u1eed d\u1ee5ng \u1edf nhi\u1ec1u kh\u00f4ng gian, nhi\u1ec1u tr\u01b0\u1eddng h\u1ee3p, r\u1ea5t ti\u1ec7n \u00edch.<\/p>\n","protected":false},"featured_media":727,"comment_status":"open","ping_status":"closed","template":"","meta":[],"product_cat":[116],"product_tag":[],"acf":[],"yoast_head":"<!-- This site is optimized with the Yoast SEO plugin v19.1 - https:\/\/yoast.com\/wordpress\/plugins\/seo\/ -->\n<title>Gi\u1ea5y \u0111a n\u0103ng Let-green (130 t\u1edd\/g\u00f3i) - C\u00f4ng ty TNHH D\u01b0\u1ee3c ph\u1ea9m 2T Vi\u1ec7t Nam<\/title>\n<meta name=\"robots\" content=\"noindex, follow, max-snippet:-1, max-image-preview:large, max-video-preview:-1\" \/>\n<meta property=\"og:locale\" content=\"vi_VN\" \/>\n<meta property=\"og:type\" content=\"article\" \/>\n<meta property=\"og:title\" content=\"Gi\u1ea5y \u0111a n\u0103ng Let-green (130 t\u1edd\/g\u00f3i) - C\u00f4ng ty TNHH D\u01b0\u1ee3c ph\u1ea9m 2T Vi\u1ec7t Nam\" \/>\n<meta property=\"og:description\" content=\"Gi\u1ea5y \u0111a n\u0103ng Let-green \u0111\u01b0\u1ee3c l\u00e0m t\u1eeb 100% b\u1ed9t gi\u1ea5y nguy\u00ean ch\u1ea5t, r\u1ea5t an to\u00e0n v\u00e0 th\u00e2n thi\u1ec7n kh\u00f4ng ch\u1ec9 v\u1edbi s\u1ee9c kh\u1ecfe con ng\u01b0\u1eddi, m\u00e0 c\u00f2n c\u1ea3 v\u1edbi m\u00f4i tr\u01b0\u1eddng s\u1ed1ng xung quanh. S\u1ea3n ph\u1ea9m c\u00f3 th\u1ec3 s\u1eed d\u1ee5ng \u1edf nhi\u1ec1u kh\u00f4ng gian, nhi\u1ec1u tr\u01b0\u1eddng h\u1ee3p, r\u1ea5t ti\u1ec7n \u00edch.\" \/>\n<meta property=\"og:url\" content=\"https:\/\/lam.vinawebsite.vn\/10200\/san-pham\/giay-da-nang-let-green-130-to-goi\/\" \/>\n<meta property=\"og:site_name\" content=\"C\u00f4ng ty TNHH D\u01b0\u1ee3c ph\u1ea9m 2T Vi\u1ec7t Nam\" \/>\n<meta property=\"article:modified_time\" content=\"2022-06-24T09:37:38+00:00\" \/>\n<meta property=\"og:image\" content=\"https:\/\/lam.vinawebsite.vn\/10200\/wp-content\/uploads\/2022\/06\/P08078_1_l.jpg\" \/>\n\t<meta property=\"og:image:width\" content=\"460\" \/>\n\t<meta property=\"og:image:height\" content=\"460\" \/>\n\t<meta property=\"og:image:type\" content=\"image\/jpeg\" \/>\n<meta name=\"twitter:card\" content=\"summary_large_image\" \/>\n<meta name=\"twitter:label1\" content=\"\u01af\u1edbc t\u00ednh th\u1eddi gian \u0111\u1ecdc\" \/>\n\t<meta name=\"twitter:data1\" content=\"1 ph\u00fat\" \/>\n<script type=\"application\/ld+json\" class=\"yoast-schema-graph\">{\"@context\":\"https:\/\/schema.org\",\"@graph\":[{\"@type\":\"WebSite\",\"@id\":\"https:\/\/lam.vinawebsite.vn\/10200\/#website\",\"url\":\"https:\/\/lam.vinawebsite.vn\/10200\/\",\"name\":\"C\u00f4ng ty TNHH D\u01b0\u1ee3c ph\u1ea9m 2T Vi\u1ec7t Nam\",\"description\":\"C\u00f4ng ty TNHH D\u01b0\u1ee3c ph\u1ea9m 2T Vi\u1ec7t Nam\",\"potentialAction\":[{\"@type\":\"SearchAction\",\"target\":{\"@type\":\"EntryPoint\",\"urlTemplate\":\"https:\/\/lam.vinawebsite.vn\/10200\/?s={search_term_string}\"},\"query-input\":\"required name=search_term_string\"}],\"inLanguage\":\"vi\"},{\"@type\":\"ImageObject\",\"inLanguage\":\"vi\",\"@id\":\"https:\/\/lam.vinawebsite.vn\/10200\/san-pham\/giay-da-nang-let-green-130-to-goi\/#primaryimage\",\"url\":\"https:\/\/lam.vinawebsite.vn\/10200\/wp-content\/uploads\/2022\/06\/P08078_1_l.jpg\",\"contentUrl\":\"https:\/\/lam.vinawebsite.vn\/10200\/wp-content\/uploads\/2022\/06\/P08078_1_l.jpg\",\"width\":460,\"height\":460},{\"@type\":\"WebPage\",\"@id\":\"https:\/\/lam.vinawebsite.vn\/10200\/san-pham\/giay-da-nang-let-green-130-to-goi\/#webpage\",\"url\":\"https:\/\/lam.vinawebsite.vn\/10200\/san-pham\/giay-da-nang-let-green-130-to-goi\/\",\"name\":\"Gi\u1ea5y \u0111a n\u0103ng Let-green (130 t\u1edd\/g\u00f3i) - C\u00f4ng ty TNHH D\u01b0\u1ee3c ph\u1ea9m 2T Vi\u1ec7t Nam\",\"isPartOf\":{\"@id\":\"https:\/\/lam.vinawebsite.vn\/10200\/#website\"},\"primaryImageOfPage\":{\"@id\":\"https:\/\/lam.vinawebsite.vn\/10200\/san-pham\/giay-da-nang-let-green-130-to-goi\/#primaryimage\"},\"datePublished\":\"2022-06-24T09:37:35+00:00\",\"dateModified\":\"2022-06-24T09:37:38+00:00\",\"breadcrumb\":{\"@id\":\"https:\/\/lam.vinawebsite.vn\/10200\/san-pham\/giay-da-nang-let-green-130-to-goi\/#breadcrumb\"},\"inLanguage\":\"vi\",\"potentialAction\":[{\"@type\":\"ReadAction\",\"target\":[\"https:\/\/lam.vinawebsite.vn\/10200\/san-pham\/giay-da-nang-let-green-130-to-goi\/\"]}]},{\"@type\":\"BreadcrumbList\",\"@id\":\"https:\/\/lam.vinawebsite.vn\/10200\/san-pham\/giay-da-nang-let-green-130-to-goi\/#breadcrumb\",\"itemListElement\":[{\"@type\":\"ListItem\",\"position\":1,\"name\":\"2T Vi\u1ec7t Nam\",\"item\":\"https:\/\/lam.vinawebsite.vn\/10200\/\"},{\"@type\":\"ListItem\",\"position\":2,\"name\":\"S\u1ea3n ph\u1ea9m\",\"item\":\"https:\/\/lam.vinawebsite.vn\/10200\/san-pham\/\"},{\"@type\":\"ListItem\",\"position\":3,\"name\":\"Gi\u1ea5y \u0111a n\u0103ng Let-green (130 t\u1edd\/g\u00f3i)\"}]}]}<\/script>\n<!-- \/ Yoast SEO plugin. -->","yoast_head_json":{"title":"Gi\u1ea5y \u0111a n\u0103ng Let-green (130 t\u1edd\/g\u00f3i) - C\u00f4ng ty TNHH D\u01b0\u1ee3c ph\u1ea9m 2T Vi\u1ec7t Nam","robots":{"index":"noindex","follow":"follow","max-snippet":"max-snippet:-1","max-image-preview":"max-image-preview:large","max-video-preview":"max-video-preview:-1"},"og_locale":"vi_VN","og_type":"article","og_title":"Gi\u1ea5y \u0111a n\u0103ng Let-green (130 t\u1edd\/g\u00f3i) - C\u00f4ng ty TNHH D\u01b0\u1ee3c ph\u1ea9m 2T Vi\u1ec7t Nam","og_description":"Gi\u1ea5y \u0111a n\u0103ng Let-green \u0111\u01b0\u1ee3c l\u00e0m t\u1eeb 100% b\u1ed9t gi\u1ea5y nguy\u00ean ch\u1ea5t, r\u1ea5t an to\u00e0n v\u00e0 th\u00e2n thi\u1ec7n kh\u00f4ng ch\u1ec9 v\u1edbi s\u1ee9c kh\u1ecfe con ng\u01b0\u1eddi, m\u00e0 c\u00f2n c\u1ea3 v\u1edbi m\u00f4i tr\u01b0\u1eddng s\u1ed1ng xung quanh. S\u1ea3n ph\u1ea9m c\u00f3 th\u1ec3 s\u1eed d\u1ee5ng \u1edf nhi\u1ec1u kh\u00f4ng gian, nhi\u1ec1u tr\u01b0\u1eddng h\u1ee3p, r\u1ea5t ti\u1ec7n \u00edch.","og_url":"https:\/\/lam.vinawebsite.vn\/10200\/san-pham\/giay-da-nang-let-green-130-to-goi\/","og_site_name":"C\u00f4ng ty TNHH D\u01b0\u1ee3c ph\u1ea9m 2T Vi\u1ec7t Nam","article_modified_time":"2022-06-24T09:37:38+00:00","og_image":[{"width":460,"height":460,"url":"https:\/\/lam.vinawebsite.vn\/10200\/wp-content\/uploads\/2022\/06\/P08078_1_l.jpg","type":"image\/jpeg"}],"twitter_card":"summary_large_image","twitter_misc":{"\u01af\u1edbc t\u00ednh th\u1eddi gian \u0111\u1ecdc":"1 ph\u00fat"},"schema":{"@context":"https:\/\/schema.org","@graph":[{"@type":"WebSite","@id":"https:\/\/lam.vinawebsite.vn\/10200\/#website","url":"https:\/\/lam.vinawebsite.vn\/10200\/","name":"C\u00f4ng ty TNHH D\u01b0\u1ee3c ph\u1ea9m 2T Vi\u1ec7t Nam","description":"C\u00f4ng ty TNHH D\u01b0\u1ee3c ph\u1ea9m 2T Vi\u1ec7t Nam","potentialAction":[{"@type":"SearchAction","target":{"@type":"EntryPoint","urlTemplate":"https:\/\/lam.vinawebsite.vn\/10200\/?s={search_term_string}"},"query-input":"required name=search_term_string"}],"inLanguage":"vi"},{"@type":"ImageObject","inLanguage":"vi","@id":"https:\/\/lam.vinawebsite.vn\/10200\/san-pham\/giay-da-nang-let-green-130-to-goi\/#primaryimage","url":"https:\/\/lam.vinawebsite.vn\/10200\/wp-content\/uploads\/2022\/06\/P08078_1_l.jpg","contentUrl":"https:\/\/lam.vinawebsite.vn\/10200\/wp-content\/uploads\/2022\/06\/P08078_1_l.jpg","width":460,"height":460},{"@type":"WebPage","@id":"https:\/\/lam.vinawebsite.vn\/10200\/san-pham\/giay-da-nang-let-green-130-to-goi\/#webpage","url":"https:\/\/lam.vinawebsite.vn\/10200\/san-pham\/giay-da-nang-let-green-130-to-goi\/","name":"Gi\u1ea5y \u0111a n\u0103ng Let-green (130 t\u1edd\/g\u00f3i) - C\u00f4ng ty TNHH D\u01b0\u1ee3c ph\u1ea9m 2T Vi\u1ec7t Nam","isPartOf":{"@id":"https:\/\/lam.vinawebsite.vn\/10200\/#website"},"primaryImageOfPage":{"@id":"https:\/\/lam.vinawebsite.vn\/10200\/san-pham\/giay-da-nang-let-green-130-to-goi\/#primaryimage"},"datePublished":"2022-06-24T09:37:35+00:00","dateModified":"2022-06-24T09:37:38+00:00","breadcrumb":{"@id":"https:\/\/lam.vinawebsite.vn\/10200\/san-pham\/giay-da-nang-let-green-130-to-goi\/#breadcrumb"},"inLanguage":"vi","potentialAction":[{"@type":"ReadAction","target":["https:\/\/lam.vinawebsite.vn\/10200\/san-pham\/giay-da-nang-let-green-130-to-goi\/"]}]},{"@type":"BreadcrumbList","@id":"https:\/\/lam.vinawebsite.vn\/10200\/san-pham\/giay-da-nang-let-green-130-to-goi\/#breadcrumb","itemListElement":[{"@type":"ListItem","position":1,"name":"2T Vi\u1ec7t Nam","item":"https:\/\/lam.vinawebsite.vn\/10200\/"},{"@type":"ListItem","position":2,"name":"S\u1ea3n ph\u1ea9m","item":"https:\/\/lam.vinawebsite.vn\/10200\/san-pham\/"},{"@type":"ListItem","position":3,"name":"Gi\u1ea5y \u0111a n\u0103ng Let-green (130 t\u1edd\/g\u00f3i)"}]}]}},"_links":{"self":[{"href":"https:\/\/lam.vinawebsite.vn\/10200\/wp-json\/wp\/v2\/product\/700"}],"collection":[{"href":"https:\/\/lam.vinawebsite.vn\/10200\/wp-json\/wp\/v2\/product"}],"about":[{"href":"https:\/\/lam.vinawebsite.vn\/10200\/wp-json\/wp\/v2\/types\/product"}],"replies":[{"embeddable":true,"href":"https:\/\/lam.vinawebsite.vn\/10200\/wp-json\/wp\/v2\/comments?post=700"}],"wp:featuredmedia":[{"embeddable":true,"href":"https:\/\/lam.vinawebsite.vn\/10200\/wp-json\/wp\/v2\/media\/727"}],"wp:attachment":[{"href":"https:\/\/lam.vinawebsite.vn\/10200\/wp-json\/wp\/v2\/media?parent=700"}],"wp:term":[{"taxonomy":"product_cat","embeddable":true,"href":"https:\/\/lam.vinawebsite.vn\/10200\/wp-json\/wp\/v2\/product_cat?post=700"},{"taxonomy":"product_tag","embeddable":true,"href":"https:\/\/lam.vinawebsite.vn\/10200\/wp-json\/wp\/v2\/product_tag?post=700"}],"curies":[{"name":"wp","href":"https:\/\/api.w.org\/{rel}","templated":true}]}}