{"id":1350,"date":"2022-04-26T16:11:20","date_gmt":"2022-04-26T09:11:20","guid":{"rendered":"http:\/\/34717.lamdx.vinawebsite.vn\/?page_id=1350"},"modified":"2022-04-26T16:11:20","modified_gmt":"2022-04-26T09:11:20","slug":"chinh-sach-bao-hanh-san-pham","status":"publish","type":"page","link":"https:\/\/lam.vinawebsite.vn\/10203\/chinh-sach-bao-hanh-san-pham\/","title":{"rendered":"Ch\u00ednh s\u00e1ch b\u1ea3o h\u00e0nh s\u1ea3n ph\u1ea9m"},"content":{"rendered":"","protected":false},"excerpt":{"rendered":"","protected":false},"author":1,"featured_media":0,"parent":0,"menu_order":0,"comment_status":"closed","ping_status":"closed","template":"","meta":[],"acf":[],"yoast_head":"<!-- This site is optimized with the Yoast SEO plugin v18.5.1 - https:\/\/yoast.com\/wordpress\/plugins\/seo\/ -->\n<title>Ch\u00ednh s\u00e1ch b\u1ea3o h\u00e0nh s\u1ea3n ph\u1ea9m - C\u00d4NG TY TNHH N\u0102NG L\u01af\u1ee2NG TH\u00d4NG MINH HO\u00c0NG GIA<\/title>\n<meta name=\"robots\" content=\"noindex, follow, max-snippet:-1, max-image-preview:large, max-video-preview:-1\" \/>\n<meta property=\"og:locale\" content=\"vi_VN\" \/>\n<meta property=\"og:type\" content=\"article\" \/>\n<meta property=\"og:title\" content=\"Ch\u00ednh s\u00e1ch b\u1ea3o h\u00e0nh s\u1ea3n ph\u1ea9m - C\u00d4NG TY TNHH N\u0102NG L\u01af\u1ee2NG TH\u00d4NG MINH HO\u00c0NG GIA\" \/>\n<meta property=\"og:url\" content=\"https:\/\/lam.vinawebsite.vn\/10203\/chinh-sach-bao-hanh-san-pham\/\" \/>\n<meta property=\"og:site_name\" content=\"C\u00d4NG TY TNHH N\u0102NG L\u01af\u1ee2NG TH\u00d4NG MINH HO\u00c0NG GIA\" \/>\n<meta name=\"twitter:card\" content=\"summary_large_image\" \/>\n<script type=\"application\/ld+json\" class=\"yoast-schema-graph\">{\"@context\":\"https:\/\/schema.org\",\"@graph\":[{\"@type\":\"WebSite\",\"@id\":\"https:\/\/lam.vinawebsite.vn\/10203\/#website\",\"url\":\"https:\/\/lam.vinawebsite.vn\/10203\/\",\"name\":\"C\u00d4NG TY TNHH N\u0102NG L\u01af\u1ee2NG TH\u00d4NG MINH HO\u00c0NG GIA\",\"description\":\"C\u00d4NG TY TNHH N\u0102NG L\u01af\u1ee2NG TH\u00d4NG MINH HO\u00c0NG GIA\",\"potentialAction\":[{\"@type\":\"SearchAction\",\"target\":{\"@type\":\"EntryPoint\",\"urlTemplate\":\"https:\/\/lam.vinawebsite.vn\/10203\/?s={search_term_string}\"},\"query-input\":\"required name=search_term_string\"}],\"inLanguage\":\"vi\"},{\"@type\":\"WebPage\",\"@id\":\"https:\/\/lam.vinawebsite.vn\/10203\/chinh-sach-bao-hanh-san-pham\/#webpage\",\"url\":\"https:\/\/lam.vinawebsite.vn\/10203\/chinh-sach-bao-hanh-san-pham\/\",\"name\":\"Ch\u00ednh s\u00e1ch b\u1ea3o h\u00e0nh s\u1ea3n ph\u1ea9m - C\u00d4NG TY TNHH N\u0102NG L\u01af\u1ee2NG TH\u00d4NG MINH HO\u00c0NG GIA\",\"isPartOf\":{\"@id\":\"https:\/\/lam.vinawebsite.vn\/10203\/#website\"},\"datePublished\":\"2022-04-26T09:11:20+00:00\",\"dateModified\":\"2022-04-26T09:11:20+00:00\",\"breadcrumb\":{\"@id\":\"https:\/\/lam.vinawebsite.vn\/10203\/chinh-sach-bao-hanh-san-pham\/#breadcrumb\"},\"inLanguage\":\"vi\",\"potentialAction\":[{\"@type\":\"ReadAction\",\"target\":[\"https:\/\/lam.vinawebsite.vn\/10203\/chinh-sach-bao-hanh-san-pham\/\"]}]},{\"@type\":\"BreadcrumbList\",\"@id\":\"https:\/\/lam.vinawebsite.vn\/10203\/chinh-sach-bao-hanh-san-pham\/#breadcrumb\",\"itemListElement\":[{\"@type\":\"ListItem\",\"position\":1,\"name\":\"Trang ch\u1ee7\",\"item\":\"https:\/\/lam.vinawebsite.vn\/10203\/\"},{\"@type\":\"ListItem\",\"position\":2,\"name\":\"Ch\u00ednh s\u00e1ch b\u1ea3o h\u00e0nh s\u1ea3n ph\u1ea9m\"}]}]}<\/script>\n<!-- \/ Yoast SEO plugin. -->","yoast_head_json":{"title":"Ch\u00ednh s\u00e1ch b\u1ea3o h\u00e0nh s\u1ea3n ph\u1ea9m - C\u00d4NG TY TNHH N\u0102NG L\u01af\u1ee2NG TH\u00d4NG MINH HO\u00c0NG GIA","robots":{"index":"noindex","follow":"follow","max-snippet":"max-snippet:-1","max-image-preview":"max-image-preview:large","max-video-preview":"max-video-preview:-1"},"og_locale":"vi_VN","og_type":"article","og_title":"Ch\u00ednh s\u00e1ch b\u1ea3o h\u00e0nh s\u1ea3n ph\u1ea9m - C\u00d4NG TY TNHH N\u0102NG L\u01af\u1ee2NG TH\u00d4NG MINH HO\u00c0NG GIA","og_url":"https:\/\/lam.vinawebsite.vn\/10203\/chinh-sach-bao-hanh-san-pham\/","og_site_name":"C\u00d4NG TY TNHH N\u0102NG L\u01af\u1ee2NG TH\u00d4NG MINH HO\u00c0NG GIA","twitter_card":"summary_large_image","schema":{"@context":"https:\/\/schema.org","@graph":[{"@type":"WebSite","@id":"https:\/\/lam.vinawebsite.vn\/10203\/#website","url":"https:\/\/lam.vinawebsite.vn\/10203\/","name":"C\u00d4NG TY TNHH N\u0102NG L\u01af\u1ee2NG TH\u00d4NG MINH HO\u00c0NG GIA","description":"C\u00d4NG TY TNHH N\u0102NG L\u01af\u1ee2NG TH\u00d4NG MINH HO\u00c0NG GIA","potentialAction":[{"@type":"SearchAction","target":{"@type":"EntryPoint","urlTemplate":"https:\/\/lam.vinawebsite.vn\/10203\/?s={search_term_string}"},"query-input":"required name=search_term_string"}],"inLanguage":"vi"},{"@type":"WebPage","@id":"https:\/\/lam.vinawebsite.vn\/10203\/chinh-sach-bao-hanh-san-pham\/#webpage","url":"https:\/\/lam.vinawebsite.vn\/10203\/chinh-sach-bao-hanh-san-pham\/","name":"Ch\u00ednh s\u00e1ch b\u1ea3o h\u00e0nh s\u1ea3n ph\u1ea9m - C\u00d4NG TY TNHH N\u0102NG L\u01af\u1ee2NG TH\u00d4NG MINH HO\u00c0NG GIA","isPartOf":{"@id":"https:\/\/lam.vinawebsite.vn\/10203\/#website"},"datePublished":"2022-04-26T09:11:20+00:00","dateModified":"2022-04-26T09:11:20+00:00","breadcrumb":{"@id":"https:\/\/lam.vinawebsite.vn\/10203\/chinh-sach-bao-hanh-san-pham\/#breadcrumb"},"inLanguage":"vi","potentialAction":[{"@type":"ReadAction","target":["https:\/\/lam.vinawebsite.vn\/10203\/chinh-sach-bao-hanh-san-pham\/"]}]},{"@type":"BreadcrumbList","@id":"https:\/\/lam.vinawebsite.vn\/10203\/chinh-sach-bao-hanh-san-pham\/#breadcrumb","itemListElement":[{"@type":"ListItem","position":1,"name":"Trang ch\u1ee7","item":"https:\/\/lam.vinawebsite.vn\/10203\/"},{"@type":"ListItem","position":2,"name":"Ch\u00ednh s\u00e1ch b\u1ea3o h\u00e0nh s\u1ea3n ph\u1ea9m"}]}]}},"_links":{"self":[{"href":"https:\/\/lam.vinawebsite.vn\/10203\/wp-json\/wp\/v2\/pages\/1350"}],"collection":[{"href":"https:\/\/lam.vinawebsite.vn\/10203\/wp-json\/wp\/v2\/pages"}],"about":[{"href":"https:\/\/lam.vinawebsite.vn\/10203\/wp-json\/wp\/v2\/types\/page"}],"author":[{"embeddable":true,"href":"https:\/\/lam.vinawebsite.vn\/10203\/wp-json\/wp\/v2\/users\/1"}],"replies":[{"embeddable":true,"href":"https:\/\/lam.vinawebsite.vn\/10203\/wp-json\/wp\/v2\/comments?post=1350"}],"version-history":[{"count":1,"href":"https:\/\/lam.vinawebsite.vn\/10203\/wp-json\/wp\/v2\/pages\/1350\/revisions"}],"predecessor-version":[{"id":1351,"href":"https:\/\/lam.vinawebsite.vn\/10203\/wp-json\/wp\/v2\/pages\/1350\/revisions\/1351"}],"wp:attachment":[{"href":"https:\/\/lam.vinawebsite.vn\/10203\/wp-json\/wp\/v2\/media?parent=1350"}],"curies":[{"name":"wp","href":"https:\/\/api.w.org\/{rel}","templated":true}]}}